{"id":80,"date":"2020-04-17T17:46:54","date_gmt":"2020-04-17T15:46:54","guid":{"rendered":"http:\/\/localhost:8081\/?page_id=80"},"modified":"2025-05-20T17:59:56","modified_gmt":"2025-05-20T15:59:56","slug":"buergermeisterin","status":"publish","type":"page","link":"https:\/\/web4.karlsruhe.de\/Gemeinderat\/Gruene\/personen\/buergermeisterin\/","title":{"rendered":"B\u00fcrgermeisterin Bettina Lisbach"},"content":{"rendered":"\n<p>B\u00fcrgermeisterin im Dezernat 5<\/p>\n\n\n\n<p><strong>Meine Kontaktdaten<\/strong> im Dezernat sind<br>telefonisch: 07 21\/133-10 55 oder<br>per Mail: <a href=\"#\" data-unscramble=\"ed.ehurslrak@5zed\">&#100;&#x65;&#x7a;5&#64;&#x6b;a&#114;&#x6c;s&#114;&#x75;h&#101;&#x2e;&#x64;&#101;<\/a><\/p>\n\n\n\n<p><strong>Zust\u00e4ndig f\u00fcr die Bereiche:<\/strong><br>\u2022 Umwelt und Gesundheit (Klinikum)<br>\u2022 Natur- und Klimaschutz<br>\u2022 Brand- und Katastrophenschutz<br>\u2022 Friedhofswesen<br>\u2022 Abfallwirtschaft<br>\u2022 Forst<br>\u2022 Gr\u00fcnfl\u00e4chenplanung und Gr\u00fcnpflege<\/p>\n\n\n\n<p>Bettina Lisbach ist seit dem 1. Februar 2019 B\u00fcrgermeisterin der Stadt Karlsruhe.<\/p>\n\n\n\n<p>Sie wurde 1964 in Karlsruhe geboren und ist in der Region aufgewachsen. Nach dem Studium der Landespflege in N\u00fcrtingen kehrte sie 1989 nach Karlsruhe zur\u00fcck, wo sie als Landschaftsplanerin t\u00e4tig war und parallel ein Geo\u00f6kologie-Studium absolvierte. Es folgten T\u00e4tigkeiten als freiberufliche \u00d6kologin und als Regionalgesch\u00e4ftsf\u00fchrerin beim BUND in der S\u00fcdpfalz. 2001 wechselte Lisbach in die IT-Branche und arbeitete bis 2016 in einem weltweit t\u00e4tigen Karlsruher Unternehmen als Projektleiterin an der Entwicklung von Systemen f\u00fcr den \u00f6ffentlichen Nahverkehr.<\/p>\n\n\n\n<p>Bettina Lisbach war von 2004 bis 2016 Mitglied der Gr\u00fcnen Fraktion im Karlsruher Gemeinderat, von 2008 bis 2016 als Fraktionsvorsitzende.<br>Bei der Landtagswahl 2016 erhielt sie das Direktmandat f\u00fcr den Wahlkreis Karlsruhe-Ost. Sie geh\u00f6rte bis Januar 2019 dem Landtag von Baden-W\u00fcrttemberg an, aus dem sie mit Amtsantritt als Karlsruher B\u00fcrgermeisterin ausschied.<\/p>\n\n\n\n<p>Der Schutz von Klima, Natur und Umwelt ist Bettina Lisbach ein zentrales Anliegen. Deshalb setzt sie sich seit Jahrzehnten in Ehrenamt, Beruf und Politik f\u00fcr gute und gesunde Lebensbedingungen ein.<\/p>\n\n\n\n<p>Die kommunale Ebene sieht sie dabei in einer Schl\u00fcsselrolle, da hier wesentliche Grundlagen f\u00fcr Klimaschutz und Klimaanpassung, die biologische Vielfalt, den L\u00e4rmschutz oder die Luftreinhaltung gelegt werden.<\/p>\n\n\n\n<p>Den Schwerpunkt ihrer Aufgabe als B\u00fcrgermeisterin f\u00fcr Umwelt und Gesundheit sieht Lisbach darin, Karlsruhe als nachhaltige, gr\u00fcne und auch gesunde Stadt weiter voranzubringen und zu profilieren. Als \u00d6kologin denkt sie vernetzt und setzt auf ganzheitliche L\u00f6sung. Eine interdisziplin\u00e4re Zusammenarbeit der Dezernate und \u00c4mter sowie eine gute Kooperation in der Region sind ihr wichtig. Im Umgang mit den Mitarbeitenden setzt sie auf ein Klima der gegenseitigen Wertsch\u00e4tzung, in dem Menschen motiviert ihrer Arbeit nachgehen k\u00f6nnen.<\/p>\n\n\n\n<p>Bettina Lisbach wohnt im Karlsruher Stadtteil Rintheim. Ihre Freizeit verbringt sie m\u00f6glichst viel drau\u00dfen an der frischen Luft beim Joggen, Wandern, Radfahren oder im Garten. Au\u00dferdem liest sie gerne und tauscht sich gerne mit Menschen aus \u2013 \u00fcber Politik, Gesellschaft und \u00fcber Privates.<\/p>\n\n\n\n<p><\/p>\n","protected":false},"excerpt":{"rendered":"<p>B\u00fcrgermeisterin im Dezernat 5 Meine Kontaktdaten im Dezernat sindtelefonisch: 07 21\/133-10 55 oderper Mail: &#x64;e&#x7a;&#53;&#x40;&#x6b;a&#x72;&#108;&#x73;&#x72;u&#x68;&#101;&#x2e;&#x64;e Zust\u00e4ndig f\u00fcr die Bereiche:\u2022 Umwelt und Gesundheit (Klinikum)\u2022 Natur- und Klimaschutz\u2022 Brand- und Katastrophenschutz\u2022 Friedhofswesen\u2022 [&hellip;]<\/p>\n","protected":false},"author":1,"featured_media":3857,"parent":21,"menu_order":5,"comment_status":"closed","ping_status":"closed","template":"","meta":{"footnotes":"","_links_to":"","_links_to_target":""},"class_list":["post-80","page","type-page","status-publish","has-post-thumbnail","hentry"],"_links":{"self":[{"href":"https:\/\/web4.karlsruhe.de\/Gemeinderat\/Gruene\/wp-json\/wp\/v2\/pages\/80","targetHints":{"allow":["GET"]}}],"collection":[{"href":"https:\/\/web4.karlsruhe.de\/Gemeinderat\/Gruene\/wp-json\/wp\/v2\/pages"}],"about":[{"href":"https:\/\/web4.karlsruhe.de\/Gemeinderat\/Gruene\/wp-json\/wp\/v2\/types\/page"}],"author":[{"embeddable":true,"href":"https:\/\/web4.karlsruhe.de\/Gemeinderat\/Gruene\/wp-json\/wp\/v2\/users\/1"}],"replies":[{"embeddable":true,"href":"https:\/\/web4.karlsruhe.de\/Gemeinderat\/Gruene\/wp-json\/wp\/v2\/comments?post=80"}],"version-history":[{"count":5,"href":"https:\/\/web4.karlsruhe.de\/Gemeinderat\/Gruene\/wp-json\/wp\/v2\/pages\/80\/revisions"}],"predecessor-version":[{"id":17913,"href":"https:\/\/web4.karlsruhe.de\/Gemeinderat\/Gruene\/wp-json\/wp\/v2\/pages\/80\/revisions\/17913"}],"up":[{"embeddable":true,"href":"https:\/\/web4.karlsruhe.de\/Gemeinderat\/Gruene\/wp-json\/wp\/v2\/pages\/21"}],"wp:featuredmedia":[{"embeddable":true,"href":"https:\/\/web4.karlsruhe.de\/Gemeinderat\/Gruene\/wp-json\/wp\/v2\/media\/3857"}],"wp:attachment":[{"href":"https:\/\/web4.karlsruhe.de\/Gemeinderat\/Gruene\/wp-json\/wp\/v2\/media?parent=80"}],"curies":[{"name":"wp","href":"https:\/\/api.w.org\/{rel}","templated":true}]}}