{"id":44,"date":"2020-04-17T17:38:14","date_gmt":"2020-04-17T15:38:14","guid":{"rendered":"http:\/\/localhost:8081\/?page_id=44"},"modified":"2026-03-31T11:51:58","modified_gmt":"2026-03-31T09:51:58","slug":"leonie-wolf","status":"publish","type":"page","link":"https:\/\/web4.karlsruhe.de\/Gemeinderat\/Gruene\/personen\/fraktionsmitglieder\/leonie-wolf\/","title":{"rendered":"Leonie Wolf"},"content":{"rendered":"\n<p><\/p>\n\n\n\n<p>Wissenschaftl. Mitarbeiterin, Mathematikerin<br><\/p>\n\n\n\n<p><strong>Kontakt <\/strong>\u00fcber das Fraktionsb\u00fcro:<br>Hebelstra\u00dfe 21<br>76133 Karlsruhe<br>Tel: (07 21) 133 1093<br>&#108;&#x65;&#111;&#x6e;&#105;&#x65;&#46;&#x77;o&#x6c;f&#x40;g&#x65;m&#101;&#x69;&#110;&#x64;&#101;&#x72;&#97;&#x74;&#46;&#x6b;a&#x72;l&#x73;r&#x75;h&#101;&#x2e;&#100;&#x65;<\/p>\n\n\n\n<p>Stadtr\u00e4tin seit 2021<\/p>\n\n\n\n<p><strong>Gremien:<\/strong><\/p>\n\n\n\n<ul class=\"wp-block-list\">\n<li>Aufsichtsrat Karlsruher F\u00e4cher<\/li>\n\n\n\n<li>Aufsichtsrat Karlsruher F\u00e4cher GmbH &amp; Co. Stadtentwicklungs KG<\/li>\n\n\n\n<li>Aufsichtsrat Karlsruher F\u00e4cher GmbH &amp; Co. Fl\u00e4chenentwicklungs KG<\/li>\n\n\n\n<li>Aufsichtsrat VBK, Verkehrsbetriebe Karlsruhe GmbH<br><br><\/li>\n\n\n\n<li>Ausschuss f\u00fcr Wirtschaft und Wissenschaft<\/li>\n\n\n\n<li>Haupt- und Finanzausschuss<\/li>\n\n\n\n<li>Personalausschuss<br><br><\/li>\n\n\n\n<li>Betriebsausschuss \u201eEigenbetrieb Abfallwirtschaft und Stadtreinigung\u201c<\/li>\n\n\n\n<li>Drogenkommission<\/li>\n\n\n\n<li>Europ\u00e4ischer Verband Eurodistrikt Pamina<\/li>\n<\/ul>\n\n\n\n<p><strong>Fachsprecherin f\u00fcr:<\/strong><\/p>\n\n\n\n<ul class=\"wp-block-list\">\n<li>Abfallwirtschaft<\/li>\n\n\n\n<li>Haushalts- und Finanzpolitik<\/li>\n\n\n\n<li>Hochschulen und Wissenschaft<\/li>\n\n\n\n<li>Sicherheit und Ordnung<\/li>\n\n\n\n<li>Verwaltung und Personal<\/li>\n\n\n\n<li>Wirtschaft<\/li>\n<\/ul>\n\n\n\n<p><strong>Kontaktperson f\u00fcr die Stadtteile:<\/strong><\/p>\n\n\n\n<ul class=\"wp-block-list\">\n<li>Nordweststadt<\/li>\n\n\n\n<li>S\u00fcdweststadt<\/li>\n<\/ul>\n","protected":false},"excerpt":{"rendered":"<p>Stellvertretende<br \/>\nFraktionsvorsitzende<\/p>\n","protected":false},"author":1,"featured_media":16944,"parent":16,"menu_order":30,"comment_status":"closed","ping_status":"closed","template":"","meta":{"footnotes":"","_links_to":"","_links_to_target":""},"class_list":["post-44","page","type-page","status-publish","has-post-thumbnail","hentry"],"_links":{"self":[{"href":"https:\/\/web4.karlsruhe.de\/Gemeinderat\/Gruene\/wp-json\/wp\/v2\/pages\/44","targetHints":{"allow":["GET"]}}],"collection":[{"href":"https:\/\/web4.karlsruhe.de\/Gemeinderat\/Gruene\/wp-json\/wp\/v2\/pages"}],"about":[{"href":"https:\/\/web4.karlsruhe.de\/Gemeinderat\/Gruene\/wp-json\/wp\/v2\/types\/page"}],"author":[{"embeddable":true,"href":"https:\/\/web4.karlsruhe.de\/Gemeinderat\/Gruene\/wp-json\/wp\/v2\/users\/1"}],"replies":[{"embeddable":true,"href":"https:\/\/web4.karlsruhe.de\/Gemeinderat\/Gruene\/wp-json\/wp\/v2\/comments?post=44"}],"version-history":[{"count":33,"href":"https:\/\/web4.karlsruhe.de\/Gemeinderat\/Gruene\/wp-json\/wp\/v2\/pages\/44\/revisions"}],"predecessor-version":[{"id":19336,"href":"https:\/\/web4.karlsruhe.de\/Gemeinderat\/Gruene\/wp-json\/wp\/v2\/pages\/44\/revisions\/19336"}],"up":[{"embeddable":true,"href":"https:\/\/web4.karlsruhe.de\/Gemeinderat\/Gruene\/wp-json\/wp\/v2\/pages\/16"}],"wp:featuredmedia":[{"embeddable":true,"href":"https:\/\/web4.karlsruhe.de\/Gemeinderat\/Gruene\/wp-json\/wp\/v2\/media\/16944"}],"wp:attachment":[{"href":"https:\/\/web4.karlsruhe.de\/Gemeinderat\/Gruene\/wp-json\/wp\/v2\/media?parent=44"}],"curies":[{"name":"wp","href":"https:\/\/api.w.org\/{rel}","templated":true}]}}