{"id":19220,"date":"2026-03-25T11:10:39","date_gmt":"2026-03-25T10:10:39","guid":{"rendered":"https:\/\/web4.karlsruhe.de\/Gemeinderat\/Gruene\/?page_id=19220"},"modified":"2026-03-31T11:56:19","modified_gmt":"2026-03-31T09:56:19","slug":"bernd-belschner","status":"publish","type":"page","link":"https:\/\/web4.karlsruhe.de\/Gemeinderat\/Gruene\/personen\/fraktionsmitglieder\/bernd-belschner\/","title":{"rendered":"Bernd Belschner"},"content":{"rendered":"\n<ul class=\"wp-block-social-links is-layout-flex wp-block-social-links-is-layout-flex\"><li class=\"wp-social-link wp-social-link-instagram  wp-block-social-link\"><a href=\"https:\/\/www.instagram.com\/berndbelschner\/?hl=de\" class=\"wp-block-social-link-anchor\"><svg width=\"24\" height=\"24\" viewBox=\"0 0 24 24\" version=\"1.1\" xmlns=\"http:\/\/www.w3.org\/2000\/svg\" aria-hidden=\"true\" focusable=\"false\"><path d=\"M12,4.622c2.403,0,2.688,0.009,3.637,0.052c0.877,0.04,1.354,0.187,1.671,0.31c0.42,0.163,0.72,0.358,1.035,0.673 c0.315,0.315,0.51,0.615,0.673,1.035c0.123,0.317,0.27,0.794,0.31,1.671c0.043,0.949,0.052,1.234,0.052,3.637 s-0.009,2.688-0.052,3.637c-0.04,0.877-0.187,1.354-0.31,1.671c-0.163,0.42-0.358,0.72-0.673,1.035 c-0.315,0.315-0.615,0.51-1.035,0.673c-0.317,0.123-0.794,0.27-1.671,0.31c-0.949,0.043-1.233,0.052-3.637,0.052 s-2.688-0.009-3.637-0.052c-0.877-0.04-1.354-0.187-1.671-0.31c-0.42-0.163-0.72-0.358-1.035-0.673 c-0.315-0.315-0.51-0.615-0.673-1.035c-0.123-0.317-0.27-0.794-0.31-1.671C4.631,14.688,4.622,14.403,4.622,12 s0.009-2.688,0.052-3.637c0.04-0.877,0.187-1.354,0.31-1.671c0.163-0.42,0.358-0.72,0.673-1.035 c0.315-0.315,0.615-0.51,1.035-0.673c0.317-0.123,0.794-0.27,1.671-0.31C9.312,4.631,9.597,4.622,12,4.622 M12,3 C9.556,3,9.249,3.01,8.289,3.054C7.331,3.098,6.677,3.25,6.105,3.472C5.513,3.702,5.011,4.01,4.511,4.511 c-0.5,0.5-0.808,1.002-1.038,1.594C3.25,6.677,3.098,7.331,3.054,8.289C3.01,9.249,3,9.556,3,12c0,2.444,0.01,2.751,0.054,3.711 c0.044,0.958,0.196,1.612,0.418,2.185c0.23,0.592,0.538,1.094,1.038,1.594c0.5,0.5,1.002,0.808,1.594,1.038 c0.572,0.222,1.227,0.375,2.185,0.418C9.249,20.99,9.556,21,12,21s2.751-0.01,3.711-0.054c0.958-0.044,1.612-0.196,2.185-0.418 c0.592-0.23,1.094-0.538,1.594-1.038c0.5-0.5,0.808-1.002,1.038-1.594c0.222-0.572,0.375-1.227,0.418-2.185 C20.99,14.751,21,14.444,21,12s-0.01-2.751-0.054-3.711c-0.044-0.958-0.196-1.612-0.418-2.185c-0.23-0.592-0.538-1.094-1.038-1.594 c-0.5-0.5-1.002-0.808-1.594-1.038c-0.572-0.222-1.227-0.375-2.185-0.418C14.751,3.01,14.444,3,12,3L12,3z M12,7.378 c-2.552,0-4.622,2.069-4.622,4.622S9.448,16.622,12,16.622s4.622-2.069,4.622-4.622S14.552,7.378,12,7.378z M12,15 c-1.657,0-3-1.343-3-3s1.343-3,3-3s3,1.343,3,3S13.657,15,12,15z M16.804,6.116c-0.596,0-1.08,0.484-1.08,1.08 s0.484,1.08,1.08,1.08c0.596,0,1.08-0.484,1.08-1.08S17.401,6.116,16.804,6.116z\"><\/path><\/svg><span class=\"wp-block-social-link-label screen-reader-text\">Instagram<\/span><\/a><\/li><\/ul>\n\n\n\n<p>Kulturmanager<\/p>\n\n\n\n<p><strong>Kontakt \u00fcber das Fraktionsb\u00fcro:<\/strong><br>Hebelstra\u00dfe 21<br>76133 Karlsruhe<br>Tel: (07 21) 133 1093<\/p>\n\n\n\n<p><a href=\"#\" data-unscramble=\"ed&#46;&#101;&#x68;&#x75;&#x72;&#x73;lr&#97;&#107;&#x2e;&#x72;&#x67;&#x40;re&#110;&#104;&#99;&#x73;&#x6c;&#x65;&#x62;&#46;d&#110;&#114;&#x65;&#x62;\">&#98;&#x65;r&#110;&#x64;&#46;&#98;&#x65;l&#115;&#x63;h&#110;&#x65;r&#64;&#x67;r&#46;&#x6b;a&#114;&#x6c;s&#114;&#x75;h&#101;&#x2e;d&#101;<\/a><\/p>\n\n\n\n<p>Stadtrat seit 2026<\/p>\n\n\n\n<p><strong>Gremien:<\/strong><\/p>\n\n\n\n<ul class=\"wp-block-list\">\n<li>Aufsichtsrat KME, Karlsruhe Marketing und Event GmbH<\/li>\n\n\n\n<li>Aufsichtsrat KTG, Karlsruher Tourismus GmbH<\/li>\n\n\n\n<li>Arbeitsf\u00f6rderung Karlsruhe<\/li>\n<\/ul>\n\n\n\n<ul class=\"wp-block-list\">\n<li>Kulturausschuss<\/li>\n\n\n\n<li>Schulausschuss<\/li>\n\n\n\n<li>Sozialausschuss<\/li>\n\n\n\n<li>Sportausschuss<\/li>\n\n\n\n<li>Ausschuss f\u00fcr Wirtschaft und Wissenschaft<br><br><\/li>\n\n\n\n<li>Betriebsausschuss \u201eEigenbetrieb Abfallwirtschaft und Stadtreinigung\u201c<\/li>\n\n\n\n<li>Mitgliederversammlung der Volkshochschule<\/li>\n\n\n\n<li>Stiftungsrat der Heimstiftung Karlsruhe<\/li>\n<\/ul>\n\n\n\n<p><strong>Fachsprecher f\u00fcr:<\/strong><\/p>\n\n\n\n<ul class=\"wp-block-list\">\n<li>Hochschulen und Wissenschaft<\/li>\n\n\n\n<li>Senior*innen und Pflege<\/li>\n\n\n\n<li>Sozialpolitik<\/li>\n\n\n\n<li>Stadtmarketing und Tourismus<\/li>\n<\/ul>\n\n\n\n<p><strong>Kontaktperson f\u00fcr die Stadtteile:<\/strong><\/p>\n\n\n\n<ul class=\"wp-block-list\">\n<li>Gr\u00f6tzingen<\/li>\n\n\n\n<li>Wettersbach (Gr\u00fcnwettersbach und Palmbach)<\/li>\n\n\n\n<li>Hohenwettersbach<\/li>\n<\/ul>\n","protected":false},"excerpt":{"rendered":"<p>Kulturmanager Kontakt \u00fcber das Fraktionsb\u00fcro:Hebelstra\u00dfe 2176133 KarlsruheTel: (07 21) 133 1093 &#x62;e&#x72;&#110;&#x64;&#46;b&#x65;&#108;&#x73;&#99;h&#x6e;&#101;&#x72;&#64;g&#x72;&#46;&#x6b;&#97;&#x72;&#x6c;s&#x72;&#117;&#x68;&#101;&#46;&#x64;&#101; Stadtrat seit 2026 Gremien: Fachsprecher f\u00fcr: Kontaktperson f\u00fcr die Stadtteile:<\/p>\n","protected":false},"author":4,"featured_media":19259,"parent":16,"menu_order":65,"comment_status":"closed","ping_status":"closed","template":"","meta":{"footnotes":"","_links_to":"","_links_to_target":""},"class_list":["post-19220","page","type-page","status-publish","has-post-thumbnail","hentry"],"_links":{"self":[{"href":"https:\/\/web4.karlsruhe.de\/Gemeinderat\/Gruene\/wp-json\/wp\/v2\/pages\/19220","targetHints":{"allow":["GET"]}}],"collection":[{"href":"https:\/\/web4.karlsruhe.de\/Gemeinderat\/Gruene\/wp-json\/wp\/v2\/pages"}],"about":[{"href":"https:\/\/web4.karlsruhe.de\/Gemeinderat\/Gruene\/wp-json\/wp\/v2\/types\/page"}],"author":[{"embeddable":true,"href":"https:\/\/web4.karlsruhe.de\/Gemeinderat\/Gruene\/wp-json\/wp\/v2\/users\/4"}],"replies":[{"embeddable":true,"href":"https:\/\/web4.karlsruhe.de\/Gemeinderat\/Gruene\/wp-json\/wp\/v2\/comments?post=19220"}],"version-history":[{"count":7,"href":"https:\/\/web4.karlsruhe.de\/Gemeinderat\/Gruene\/wp-json\/wp\/v2\/pages\/19220\/revisions"}],"predecessor-version":[{"id":19345,"href":"https:\/\/web4.karlsruhe.de\/Gemeinderat\/Gruene\/wp-json\/wp\/v2\/pages\/19220\/revisions\/19345"}],"up":[{"embeddable":true,"href":"https:\/\/web4.karlsruhe.de\/Gemeinderat\/Gruene\/wp-json\/wp\/v2\/pages\/16"}],"wp:featuredmedia":[{"embeddable":true,"href":"https:\/\/web4.karlsruhe.de\/Gemeinderat\/Gruene\/wp-json\/wp\/v2\/media\/19259"}],"wp:attachment":[{"href":"https:\/\/web4.karlsruhe.de\/Gemeinderat\/Gruene\/wp-json\/wp\/v2\/media?parent=19220"}],"curies":[{"name":"wp","href":"https:\/\/api.w.org\/{rel}","templated":true}]}}